14627191 a composite number?
True
Is 76437701 composite?
False
Is 80421767 a prime number?
False
Is 117080083 prime?
True
Is 527203 a prime number?
True
Is 41808823 a composite number?
True
Is 5898337 composite?
True
Is 10765855 composite?
True
Is 286278637 prime?
False
Is 2719123 a composite number?
True
Is 107851 composite?
True
Is 19654849 a prime number?
False
Is 74646023 a prime number?
True
Is 2100913 a prime number?
True
Is 808181 prime?
False
Is 6361291 composite?
True
Is 1392401 composite?
True
Is 317903 a prime number?
True
Is 3549131 a composite number?
False
Is 26759587 a composite number?
False
Is 418783339 a prime number?
False
Is 197900429 a composite number?
True
Is 2026433 a composite number?
True
Is 1485199 composite?
False
Is 1490141 composite?
True
Is 25913981 a composite number?
False
Is 24570311 a prime number?
True
Is 9598711 a prime number?
False
Is 57176773 composite?
True
Is 7164809 a prime number?
False
Is 642233821 a prime number?
False
Is 468433523 a prime number?
True
Is 104938469 composite?
True
Is 226614313 a composite number?
True
Is 695001851 composite?
False
Is 2720761 prime?
False
Is 1777151 a composite number?
True
Is 38419181 composite?
False
Is 63053087 composite?
True
Is 857933093 a prime number?
True
Is 6976993 a composite number?
False
Is 238531 a prime number?
True
Is 9348979 composite?
True
Is 37298861 a composite number?
True
Is 5829199 prime?
True
Is 7002629 composite?
False
Is 126482033 a prime number?
True
Is 14759971 a composite number?
True
Is 14261161 composite?
False
Is 16280749 a prime number?
True
Is 22556267 composite?
False
Is 51745609 a composite number?
True
Is 2372339 composite?
True
Is 288543791 a composite number?
False
Is 78916777 composite?
True
Is 11527153 composite?
True
Is 171247886 a prime number?
False
Is 1623667 a prime number?
True
Is 44654419 prime?
True
Is 163129227 composite?
True
Is 4492123 a composite number?
False
Is 2189303 a prime number?
True
Is 56314749 a prime number?
False
Is 60335413 a prime number?
False
Is 179565647 a composite number?
False
Is 480623621 composite?
False
Is 489764427 a composite number?
True
Is 670638127 a composite number?
True
Is 478402 a composite number?
True
Is 266477 composite?
False
Is 544460545 composite?
True
Is 641128303 prime?
True
Is 6765383 composite?
True
Is 20814853 a composite number?
True
Is 9473183 composite?
True
Is 62387417 prime?
True
Is 2698039 composite?
True
Is 68489329 a composite number?
True
Is 144641837 prime?
True
Is 3072431 a prime number?
True
Is 1035497 prime?
False
Is 337577 a prime number?
False
Is 782571 composite?
True
Is 34217 a composite number?
False
Is 9848571 composite?
True
Is 20313509 a composite number?
False
Is 30457891 a prime number?
False
Is 7024907 prime?
True
Is 343579 a prime number?
True
Is 2892341 a prime number?
True
Is 139723 a composite number?
True
Is 4061119 a composite number?
True
Is 579289745 a composite number?
True
Is 78014579 prime?
False
Is 518245993 a composite number?
False
Is 8847161 composite?
False
Is 1849139 composite?
True
Is 10395113 a composite number?
True
Is 12191657 a prime number?
False
Is 103538557 composite?
False
Is 130904533 a prime number?
False
Is 10025713 a prime number?
True
Is 1444441 a prime number?
True
Is 189674357 composite?
True
Is 701978 composite?
True
Is 740227 a composite number?
False
Is 633739 prime?
True
Is 29515867 a prime number?
False
Is 12343753 a composite number?
True
Is 818305 prime?
False
Is 1660691 prime?
True
Is 341405497 composite?
True
Is 12147 composite?
True
Is 1114591823 composite?
False
Is 638254999 prime?
True
Is 15039067 composite?
True
Is 49716941 a prime number?
True
Is 32046583 prime?
True
Is 312979 prime?
True
Is 226052719 a prime number?
True
Is 370927351 a prime number?
True
Is 92675515 a composite number?
True
Is 7043617 composite?
True
Is 16463639 a composite number?
False
Is 382956881 a prime number?
True
Is 98210911 composite?
False
Is 18589927 prime?
True
Is 1599677 a prime number?
True
Is 2361497 a composite number?
False
Is 35430047 composite?
False
Is 167106323 a composite number?
True
Is 76849391 prime?
False
Is 119263049 prime?
True
Is 5863981 composite?
False
Is 11495953 a composite number?
True
Is 383291747 a prime number?
True
Is 330853 composite?
False
Is 426193 composite?
False
Is 26802031 prime?
False
Is 5267521 composite?
True
Is 1551419 prime?
False
Is 52180969 a composite number?
False
Is 2580587 a prime number?
True
Is 267524357 prime?
False
Is 11308267 a prime number?
False
Is 2504837 a prime number?
True
Is 1825051 composite?
True
Is 341853721 a composite number?
True
Is 4613429 prime?
False
Is 7127398 prime?
False
Is 224251 a prime number?
True
Is 22785407 a composite number?
True
Is 52667 prime?
True
Is 267867851 a composite number?
False
Is 41339021 composite?
False
Is 96980133 a prime number?
False
Is 441234373 composite?
False
Is 4549693 prime?
False
Is 1571387 a prime number?
True
Is 57773827 a prime number?
True
Is 142721258 a prime number?
False
Is 730336369 a composite number?
True
Is 4663913 prime?
True
Is 1462801 a composite number?
False
Is 97942001 a composite number?
False
Is 34018687 composite?
True
Is 6625819 prime?
True
Is 128561951 composite?
True
Is 15460369 a composite number?
False
Is 31502362 prime?
False
Is 782363251 prime?
False
Is 100498103 composite?
False
Is 37840441 composite?
False
Is 27560623 a prime number?
True
Is 185331031 a composite number?
False
Is 2602217 a prime number?
True
Is 464054699 prime?
True
Is 5940301 prime?
False
Is 123340691 a prime number?
False
Is 10960561 a composite number?
True
Is 152728759 a prime number?
False
Is 57578249 a prime number?
True
Is 1631503 prime?
True
Is 13467137 a composite number?
False
Is 48659287 composite?
True
Is 20881799 a prime number?
False
Is 1542227 composite?
True
Is 14691647 prime?
True
Is 184606363 a composite number?
False
Is 600391877 composite?
True
Is 3721318 prime?
False
Is 4618567 prime?
True
Is 61702783 a prime number?
True
Is 542683 a prime number?
True
Is 6830729 a prime number?
True
Is 168979 a prime number?
False
Is 60427 a prime number?
True
Is 10901393 composite?
False
Is 11536967 a composite number?
True
Is 1853497 composite?
False
Is 51431 composite?
False
Is 1933037 composite?
False
Is 32479547 a prime number?
False
Is 730043 a composite number?
True
Is 16195799 composite?
True
Is 121952009 a composite number?
True
Is 15429031 composite?
True
Is 63827339 composite?
True
Is 45522961 a prime number?
False
Is 34681442 composite?
True
Is 24295727 a composite number?
False
Is 59050829 a composite number?
False
Is 1998215 composite?
True
Is 2068939 a prime number?
True
Is 86774869 a prime number?
True
Is 414148607 a composite number?
True
Is 998447 a composite number?
True
Is 99489761 a prime number?
False
Is 142050107 a composite number?
True
Is 502903 composite?
True
Is 3443747 a composite number?
True
Is 801852679 composite?
False
Is 944995 a prime number?
False
Is 15385427 composite?
False
Is 53377927 prime?
True
Is 171926453 composite?
False
Is 70982183 a prime number?
True
Is 45892241 prime?
True
Is 24384553 prime?
True
Is 25621109 a composite number?
False
Is 1710041 a composite number?
True
Is 7368077 a composite number?
False
Is 47812381 composite?
True
Is 97617763 composite?
True
Is 38234459 prime?
False
Is 2380333 a composite number?
False
Is 23806009 a prime number?
True
Is 9714047 a composite number?
True
Is 1148587 composite?
True
Is 79938809 prime?
False
Is 2530663 a composite number?
False
Is 394183 a prime number?
False
Is 286661 prime?
False
Is 7419947 composite?
True
Is 4541527 prime?
False
Is 1784987 a composite number?
True
Is 4224491 prime?
True
Is 72763 composite?
False
Is 26519627 composite?
False
Is 36252773 composite?
True
Is 27216997 prime?
True
Is 9974711 composite?
False
Is 1546799 prime?
True
Is 342365 composite?
True
Is 360118067 composite?
False
Is 32543429 a prime number?
True
Is 50284055 a prime number?
False
Is 91432381 prime?
True
Is 246293 prime?
False
Is 14323849 composite?
False
Is 677555 prime?
False
Is 131253061 a composite number?
False
Is 133053 composite?
True
Is 19865039 a prime number?
True
Is 38891729 a composite number?
False
Is 32166593 composite?
False
Is